[INFO] cloning repository https://github.com/0rphon/Farcry5MiniHack
[INFO] running `Command { std: "git" "-c" "credential.helper=" "-c" "credential.helper=/workspace/cargo-home/bin/git-credential-null" "clone" "--bare" "https://github.com/0rphon/Farcry5MiniHack" "/workspace/cache/git-repos/https%3A%2F%2Fgithub.com%2F0rphon%2FFarcry5MiniHack", kill_on_drop: false }`
[INFO] [stderr] Cloning into bare repository '/workspace/cache/git-repos/https%3A%2F%2Fgithub.com%2F0rphon%2FFarcry5MiniHack'...
[INFO] running `Command { std: "git" "rev-parse" "HEAD", kill_on_drop: false }`
[INFO] [stdout] 99acf5b74977c684c709cc11f385e08fe40a721f
[INFO] building 0rphon/Farcry5MiniHack against master#ff34b919075f35a1787659e9c448a34b06bab8de for issue-85264
[INFO] running `Command { std: "git" "clone" "/workspace/cache/git-repos/https%3A%2F%2Fgithub.com%2F0rphon%2FFarcry5MiniHack" "/workspace/builds/worker-4/source", kill_on_drop: false }`
[INFO] [stderr] Cloning into '/workspace/builds/worker-4/source'...
[INFO] [stderr] done.
[INFO] validating manifest of git repo https://github.com/0rphon/Farcry5MiniHack on toolchain ff34b919075f35a1787659e9c448a34b06bab8de
[INFO] running `Command { std: "/workspace/cargo-home/bin/cargo" "+ff34b919075f35a1787659e9c448a34b06bab8de" "metadata" "--manifest-path" "Cargo.toml" "--no-deps", kill_on_drop: false }`
[INFO] started tweaking git repo https://github.com/0rphon/Farcry5MiniHack
[INFO] finished tweaking git repo https://github.com/0rphon/Farcry5MiniHack
[INFO] tweaked toml for git repo https://github.com/0rphon/Farcry5MiniHack written to /workspace/builds/worker-4/source/Cargo.toml
[INFO] crate git repo https://github.com/0rphon/Farcry5MiniHack already has a lockfile, it will not be regenerated
[INFO] running `Command { std: "/workspace/cargo-home/bin/cargo" "+ff34b919075f35a1787659e9c448a34b06bab8de" "fetch" "--manifest-path" "Cargo.toml", kill_on_drop: false }`
[INFO] running `Command { std: "docker" "create" "-v" "/var/lib/crater-agent-workspace/builds/worker-4/target:/opt/rustwide/target:rw,Z" "-v" "/var/lib/crater-agent-workspace/builds/worker-4/source:/opt/rustwide/workdir:ro,Z" "-v" "/var/lib/crater-agent-workspace/cargo-home:/opt/rustwide/cargo-home:ro,Z" "-v" "/var/lib/crater-agent-workspace/rustup-home:/opt/rustwide/rustup-home:ro,Z" "-e" "SOURCE_DIR=/opt/rustwide/workdir" "-e" "CARGO_TARGET_DIR=/opt/rustwide/target" "-e" "CARGO_HOME=/opt/rustwide/cargo-home" "-e" "RUSTUP_HOME=/opt/rustwide/rustup-home" "-w" "/opt/rustwide/workdir" "-m" "1610612736" "--user" "0:0" "--network" "none" "ghcr.io/rust-lang/crates-build-env/linux@sha256:20528e8c29e4536546f0102ce88568b16ea7538393a33fcca951030f7af10457" "/opt/rustwide/cargo-home/bin/cargo" "+ff34b919075f35a1787659e9c448a34b06bab8de" "metadata" "--no-deps" "--format-version=1", kill_on_drop: false }`
[INFO] [stdout] c4f48626aec6b475bc0a461867d049dbd49c23a4e68e0a79c9dece7df6a29f47
[INFO] [stderr] WARNING: Your kernel does not support swap limit capabilities or the cgroup is not mounted. Memory limited without swap.
[INFO] running `Command { std: "docker" "start" "-a" "c4f48626aec6b475bc0a461867d049dbd49c23a4e68e0a79c9dece7df6a29f47", kill_on_drop: false }`
[INFO] running `Command { std: "docker" "inspect" "c4f48626aec6b475bc0a461867d049dbd49c23a4e68e0a79c9dece7df6a29f47", kill_on_drop: false }`
[INFO] running `Command { std: "docker" "rm" "-f" "c4f48626aec6b475bc0a461867d049dbd49c23a4e68e0a79c9dece7df6a29f47", kill_on_drop: false }`
[INFO] [stdout] c4f48626aec6b475bc0a461867d049dbd49c23a4e68e0a79c9dece7df6a29f47
[INFO] running `Command { std: "docker" "create" "-v" "/var/lib/crater-agent-workspace/builds/worker-4/target:/opt/rustwide/target:rw,Z" "-v" "/var/lib/crater-agent-workspace/builds/worker-4/source:/opt/rustwide/workdir:ro,Z" "-v" "/var/lib/crater-agent-workspace/cargo-home:/opt/rustwide/cargo-home:ro,Z" "-v" "/var/lib/crater-agent-workspace/rustup-home:/opt/rustwide/rustup-home:ro,Z" "-e" "SOURCE_DIR=/opt/rustwide/workdir" "-e" "CARGO_TARGET_DIR=/opt/rustwide/target" "-e" "CARGO_INCREMENTAL=0" "-e" "RUST_BACKTRACE=full" "-e" "RUSTFLAGS=--cap-lints=forbid" "-e" "CARGO_HOME=/opt/rustwide/cargo-home" "-e" "RUSTUP_HOME=/opt/rustwide/rustup-home" "-w" "/opt/rustwide/workdir" "-m" "1610612736" "--user" "0:0" "--network" "none" "ghcr.io/rust-lang/crates-build-env/linux@sha256:20528e8c29e4536546f0102ce88568b16ea7538393a33fcca951030f7af10457" "/opt/rustwide/cargo-home/bin/cargo" "+ff34b919075f35a1787659e9c448a34b06bab8de" "build" "--frozen" "--message-format=json", kill_on_drop: false }`
[INFO] [stdout] 0b59d433a07a4f5e5b4c36b49925a54834e09917726f19aaed02df3730efbee7
[INFO] [stderr] WARNING: Your kernel does not support swap limit capabilities or the cgroup is not mounted. Memory limited without swap.
[INFO] running `Command { std: "docker" "start" "-a" "0b59d433a07a4f5e5b4c36b49925a54834e09917726f19aaed02df3730efbee7", kill_on_drop: false }`
[INFO] [stderr]    Compiling winapi v0.3.9
[INFO] [stderr]    Compiling winapi-build v0.1.1
[INFO] [stderr]    Compiling winapi v0.2.8
[INFO] [stderr]    Compiling kernel32-sys v0.2.2
[INFO] [stderr]    Compiling wio v0.2.2
[INFO] [stderr]    Compiling hakorlib v0.1.0 (https://github.com/0rphon/hakorlib#14439eb6)
[INFO] [stdout] error[E0433]: failed to resolve: could not find `um` in `winapi`
[INFO] [stdout]  --> /opt/rustwide/cargo-home/git/checkouts/hakorlib-73fd2360b0b48c53/14439eb/src/lib.rs:4:13
[INFO] [stdout]   |
[INFO] [stdout] 4 | use winapi::um::tlhelp32::{TH32CS_SNAPPROCESS, PROCESSENTRY32W, TH32CS_SNAPMODULE, TH32CS_SNAPMODULE32, MODULEENTRY32W, CreateToolhelp32S...
[INFO] [stdout]   |             ^^ could not find `um` in `winapi`
[INFO] [stdout] 
[INFO] [stdout] 
[INFO] [stdout] error[E0433]: failed to resolve: could not find `um` in `winapi`
[INFO] [stdout]  --> /opt/rustwide/cargo-home/git/checkouts/hakorlib-73fd2360b0b48c53/14439eb/src/lib.rs:5:13
[INFO] [stdout]   |
[INFO] [stdout] 5 | use winapi::um::handleapi::{INVALID_HANDLE_VALUE, CloseHandle};
[INFO] [stdout]   |             ^^ could not find `um` in `winapi`
[INFO] [stdout] 
[INFO] [stdout] 
[INFO] [stdout] error[E0433]: failed to resolve: could not find `um` in `winapi`
[INFO] [stdout]  --> /opt/rustwide/cargo-home/git/checkouts/hakorlib-73fd2360b0b48c53/14439eb/src/lib.rs:6:13
[INFO] [stdout]   |
[INFO] [stdout] 6 | use winapi::um::processthreadsapi::{OpenProcess};
[INFO] [stdout]   |             ^^ could not find `um` in `winapi`
[INFO] [stdout] 
[INFO] [stdout] 
[INFO] [stdout] error[E0433]: failed to resolve: could not find `um` in `winapi`
[INFO] [stdout]  --> /opt/rustwide/cargo-home/git/checkouts/hakorlib-73fd2360b0b48c53/14439eb/src/lib.rs:7:13
[INFO] [stdout]   |
[INFO] [stdout] 7 | use winapi::um::winnt::{PROCESS_ALL_ACCESS, HANDLE, MEM_COMMIT,PAGE_EXECUTE_READWRITE};
[INFO] [stdout]   |             ^^ could not find `um` in `winapi`
[INFO] [stdout] 
[INFO] [stdout] 
[INFO] [stdout] error[E0433]: failed to resolve: could not find `um` in `winapi`
[INFO] [stdout]  --> /opt/rustwide/cargo-home/git/checkouts/hakorlib-73fd2360b0b48c53/14439eb/src/lib.rs:8:13
[INFO] [stdout]   |
[INFO] [stdout] 8 | use winapi::um::memoryapi::{ReadProcessMemory, WriteProcessMemory, VirtualAllocEx, VirtualProtectEx};
[INFO] [stdout]   |             ^^ could not find `um` in `winapi`
[INFO] [stdout] 
[INFO] [stdout] 
[INFO] [stdout] error[E0433]: failed to resolve: could not find `um` in `winapi`
[INFO] [stdout]  --> /opt/rustwide/cargo-home/git/checkouts/hakorlib-73fd2360b0b48c53/14439eb/src/lib.rs:9:13
[INFO] [stdout]   |
[INFO] [stdout] 9 | use winapi::um::errhandlingapi::GetLastError;
[INFO] [stdout]   |             ^^ could not find `um` in `winapi`
[INFO] [stdout] 
[INFO] [stdout] 
[INFO] [stdout] error[E0433]: failed to resolve: could not find `shared` in `winapi`
[INFO] [stdout]   --> /opt/rustwide/cargo-home/git/checkouts/hakorlib-73fd2360b0b48c53/14439eb/src/lib.rs:10:13
[INFO] [stdout]    |
[INFO] [stdout] 10 | use winapi::shared::minwindef::{LPCVOID, LPVOID};
[INFO] [stdout]    |             ^^^^^^ could not find `shared` in `winapi`
[INFO] [stdout] 
[INFO] [stdout] 
[INFO] [stdout] error[E0433]: failed to resolve: could not find `shared` in `winapi`
[INFO] [stdout]   --> /opt/rustwide/cargo-home/git/checkouts/hakorlib-73fd2360b0b48c53/14439eb/src/lib.rs:11:13
[INFO] [stdout]    |
[INFO] [stdout] 11 | use winapi::shared::ntdef::NULL;
[INFO] [stdout]    |             ^^^^^^ could not find `shared` in `winapi`
[INFO] [stdout] 
[INFO] [stdout] 
[INFO] [stdout] error[E0432]: unresolved import `winapi::ctypes`
[INFO] [stdout]   --> /opt/rustwide/cargo-home/git/checkouts/hakorlib-73fd2360b0b48c53/14439eb/src/lib.rs:12:13
[INFO] [stdout]    |
[INFO] [stdout] 12 | use winapi::ctypes::c_void;
[INFO] [stdout]    |             ^^^^^^ could not find `ctypes` in `winapi`
[INFO] [stdout] 
[INFO] [stdout] 
[INFO] [stdout] error[E0432]: unresolved import `wio::wide`
[INFO] [stdout]   --> /opt/rustwide/cargo-home/git/checkouts/hakorlib-73fd2360b0b48c53/14439eb/src/lib.rs:13:10
[INFO] [stdout]    |
[INFO] [stdout] 13 | use wio::wide::FromWide;
[INFO] [stdout]    |          ^^^^ could not find `wide` in `wio`
[INFO] [stdout] 
[INFO] [stdout] 
[INFO] [stdout] error[E0425]: cannot find function `read_memory` in this scope
[INFO] [stdout]    --> /opt/rustwide/cargo-home/git/checkouts/hakorlib-73fd2360b0b48c53/14439eb/src/lib.rs:207:22
[INFO] [stdout]     |
[INFO] [stdout] 207 |     let read_bytes = read_memory(process_handle, target_addr, target_bytes.len())?;         //reads target_bytes.len() memory at offset
[INFO] [stdout]     |                      ^^^^^^^^^^^ not found in this scope
[INFO] [stdout] 
[INFO] [stdout] 
[INFO] [stdout] error[E0425]: cannot find function `write_memory` in this scope
[INFO] [stdout]    --> /opt/rustwide/cargo-home/git/checkouts/hakorlib-73fd2360b0b48c53/14439eb/src/lib.rs:209:9
[INFO] [stdout]     |
[INFO] [stdout] 209 |         write_memory(process_handle, target_addr, &mut nop)?;                               //write nopped bytes at offset
[INFO] [stdout]     |         ^^^^^^^^^^^^ not found in this scope
[INFO] [stdout] 
[INFO] [stdout] 
[INFO] [stdout] error[E0425]: cannot find function `write_memory` in this scope
[INFO] [stdout]    --> /opt/rustwide/cargo-home/git/checkouts/hakorlib-73fd2360b0b48c53/14439eb/src/lib.rs:212:9
[INFO] [stdout]     |
[INFO] [stdout] 212 |         write_memory(process_handle, target_addr, target_bytes)?;                           //write target bytes at offset
[INFO] [stdout]     |         ^^^^^^^^^^^^ not found in this scope
[INFO] [stdout] 
[INFO] [stdout] 
[INFO] [stdout] error[E0425]: cannot find function `read_memory` in this scope
[INFO] [stdout]    --> /opt/rustwide/cargo-home/git/checkouts/hakorlib-73fd2360b0b48c53/14439eb/src/lib.rs:225:22
[INFO] [stdout]     |
[INFO] [stdout] 225 |     let read_bytes = read_memory(process_handle, target_addr, target_bytes.len())?;         //reads target_bytes.len() memory at offset
[INFO] [stdout]     |                      ^^^^^^^^^^^ not found in this scope
[INFO] [stdout] 
[INFO] [stdout] 
[INFO] [stdout] error[E0425]: cannot find function `write_memory` in this scope
[INFO] [stdout]    --> /opt/rustwide/cargo-home/git/checkouts/hakorlib-73fd2360b0b48c53/14439eb/src/lib.rs:227:9
[INFO] [stdout]     |
[INFO] [stdout] 227 |         write_memory(process_handle, target_addr, modified_bytes)?;                         //write nopped bytes at offset
[INFO] [stdout]     |         ^^^^^^^^^^^^ not found in this scope
[INFO] [stdout] 
[INFO] [stdout] 
[INFO] [stdout] error[E0425]: cannot find function `write_memory` in this scope
[INFO] [stdout]    --> /opt/rustwide/cargo-home/git/checkouts/hakorlib-73fd2360b0b48c53/14439eb/src/lib.rs:230:9
[INFO] [stdout]     |
[INFO] [stdout] 230 |         write_memory(process_handle, target_addr, target_bytes)?;                           //write target bytes at offset
[INFO] [stdout]     |         ^^^^^^^^^^^^ not found in this scope
[INFO] [stdout] 
[INFO] [stdout] 
[INFO] [stdout] error[E0425]: cannot find function, tuple struct or tuple variant `VirtualProtectEx` in this scope
[INFO] [stdout]    --> /opt/rustwide/cargo-home/git/checkouts/hakorlib-73fd2360b0b48c53/14439eb/src/lib.rs:240:15
[INFO] [stdout]     |
[INFO] [stdout] 240 |         match VirtualProtectEx(process_handle, addr as LPVOID, size, PAGE_EXECUTE_READWRITE, &mut old) {
[INFO] [stdout]     |               ^^^^^^^^^^^^^^^^ not found in this scope
[INFO] [stdout] 
[INFO] [stdout] 
[INFO] [stdout] error[E0412]: cannot find type `LPVOID` in this scope
[INFO] [stdout]    --> /opt/rustwide/cargo-home/git/checkouts/hakorlib-73fd2360b0b48c53/14439eb/src/lib.rs:240:56
[INFO] [stdout]     |
[INFO] [stdout] 240 |         match VirtualProtectEx(process_handle, addr as LPVOID, size, PAGE_EXECUTE_READWRITE, &mut old) {
[INFO] [stdout]     |                                                        ^^^^^^ not found in this scope
[INFO] [stdout] 
[INFO] [stdout] 
[INFO] [stdout] error[E0425]: cannot find value `PAGE_EXECUTE_READWRITE` in this scope
[INFO] [stdout]    --> /opt/rustwide/cargo-home/git/checkouts/hakorlib-73fd2360b0b48c53/14439eb/src/lib.rs:240:70
[INFO] [stdout]     |
[INFO] [stdout] 240 |         match VirtualProtectEx(process_handle, addr as LPVOID, size, PAGE_EXECUTE_READWRITE, &mut old) {
[INFO] [stdout]     |                                                                      ^^^^^^^^^^^^^^^^^^^^^^ not found in this scope
[INFO] [stdout] 
[INFO] [stdout] 
[INFO] [stdout] error[E0425]: cannot find function, tuple struct or tuple variant `GetLastError` in this scope
[INFO] [stdout]    --> /opt/rustwide/cargo-home/git/checkouts/hakorlib-73fd2360b0b48c53/14439eb/src/lib.rs:242:108
[INFO] [stdout]     |
[INFO] [stdout] 242 |             _ => {Err(format!("Could not change memory protection at {:X}. GetLastError returned {}",addr, GetLastError()))},
[INFO] [stdout]     |                                                                                                            ^^^^^^^^^^^^ not found in this scope
[INFO] [stdout] 
[INFO] [stdout] 
[INFO] [stdout] error[E0425]: cannot find function, tuple struct or tuple variant `VirtualAllocEx` in this scope
[INFO] [stdout]    --> /opt/rustwide/cargo-home/git/checkouts/hakorlib-73fd2360b0b48c53/14439eb/src/lib.rs:251:23
[INFO] [stdout]     |
[INFO] [stdout] 251 |         let new_mem = VirtualAllocEx(process_handle, addr as LPVOID, size, MEM_COMMIT, PAGE_EXECUTE_READWRITE);     //allocate new memory
[INFO] [stdout]     |                       ^^^^^^^^^^^^^^ not found in this scope
[INFO] [stdout] 
[INFO] [stdout] 
[INFO] [stdout] error[E0412]: cannot find type `LPVOID` in this scope
[INFO] [stdout]    --> /opt/rustwide/cargo-home/git/checkouts/hakorlib-73fd2360b0b48c53/14439eb/src/lib.rs:251:62
[INFO] [stdout]     |
[INFO] [stdout] 251 |         let new_mem = VirtualAllocEx(process_handle, addr as LPVOID, size, MEM_COMMIT, PAGE_EXECUTE_READWRITE);     //allocate new memory
[INFO] [stdout]     |                                                              ^^^^^^ not found in this scope
[INFO] [stdout] 
[INFO] [stdout] 
[INFO] [stdout] error[E0425]: cannot find value `MEM_COMMIT` in this scope
[INFO] [stdout]    --> /opt/rustwide/cargo-home/git/checkouts/hakorlib-73fd2360b0b48c53/14439eb/src/lib.rs:251:76
[INFO] [stdout]     |
[INFO] [stdout] 251 |         let new_mem = VirtualAllocEx(process_handle, addr as LPVOID, size, MEM_COMMIT, PAGE_EXECUTE_READWRITE);     //allocate new memory
[INFO] [stdout]     |                                                                            ^^^^^^^^^^ not found in this scope
[INFO] [stdout] 
[INFO] [stdout] 
[INFO] [stdout] error[E0425]: cannot find value `PAGE_EXECUTE_READWRITE` in this scope
[INFO] [stdout]    --> /opt/rustwide/cargo-home/git/checkouts/hakorlib-73fd2360b0b48c53/14439eb/src/lib.rs:251:88
[INFO] [stdout]     |
[INFO] [stdout] 251 |         let new_mem = VirtualAllocEx(process_handle, addr as LPVOID, size, MEM_COMMIT, PAGE_EXECUTE_READWRITE);     //allocate new memory
[INFO] [stdout]     |                                                                                        ^^^^^^^^^^^^^^^^^^^^^^ not found in this scope
[INFO] [stdout] 
[INFO] [stdout] 
[INFO] [stdout] error[E0425]: cannot find function, tuple struct or tuple variant `GetLastError` in this scope
[INFO] [stdout]    --> /opt/rustwide/cargo-home/git/checkouts/hakorlib-73fd2360b0b48c53/14439eb/src/lib.rs:253:100
[INFO] [stdout]     |
[INFO] [stdout] 253 | ...   NULL => Err(format!("Error allocating memory at {:X}. GetLastError returned {}", addr, GetLastError())),//if memory allocation fail...
[INFO] [stdout]     |                                                                                              ^^^^^^^^^^^^ not found in this scope
[INFO] [stdout] 
[INFO] [stdout] 
[INFO] [stdout] error[E0425]: cannot find function `read_memory` in this scope
[INFO] [stdout]    --> /opt/rustwide/cargo-home/git/checkouts/hakorlib-73fd2360b0b48c53/14439eb/src/lib.rs:294:22
[INFO] [stdout]     |
[INFO] [stdout] 294 |     let read_bytes = read_memory(process_handle, target_addr, target_bytes.len())?;         //read target injection address
[INFO] [stdout]     |                      ^^^^^^^^^^^ not found in this scope
[INFO] [stdout] 
[INFO] [stdout] 
[INFO] [stdout] error[E0425]: cannot find function `write_memory` in this scope
[INFO] [stdout]    --> /opt/rustwide/cargo-home/git/checkouts/hakorlib-73fd2360b0b48c53/14439eb/src/lib.rs:296:9
[INFO] [stdout]     |
[INFO] [stdout] 296 |         write_memory(process_handle, *cave_addr, shellcode)?;                               //write shellcode in code cave
[INFO] [stdout]     |         ^^^^^^^^^^^^ not found in this scope
[INFO] [stdout] 
[INFO] [stdout] 
[INFO] [stdout] error[E0425]: cannot find function `write_memory` in this scope
[INFO] [stdout]    --> /opt/rustwide/cargo-home/git/checkouts/hakorlib-73fd2360b0b48c53/14439eb/src/lib.rs:297:9
[INFO] [stdout]     |
[INFO] [stdout] 297 |         write_memory(process_handle, target_addr, &mut inject_bytes)?;                      //write jump to shellcode at target address
[INFO] [stdout]     |         ^^^^^^^^^^^^ not found in this scope
[INFO] [stdout] 
[INFO] [stdout] 
[INFO] [stdout] error[E0425]: cannot find function `write_memory` in this scope
[INFO] [stdout]    --> /opt/rustwide/cargo-home/git/checkouts/hakorlib-73fd2360b0b48c53/14439eb/src/lib.rs:300:9
[INFO] [stdout]     |
[INFO] [stdout] 300 |         write_memory(process_handle, target_addr, target_bytes)?;                           //write original bytes to target_address
[INFO] [stdout]     |         ^^^^^^^^^^^^ not found in this scope
[INFO] [stdout] 
[INFO] [stdout] 
[INFO] [stdout] error[E0425]: cannot find function `write_memory` in this scope
[INFO] [stdout]    --> /opt/rustwide/cargo-home/git/checkouts/hakorlib-73fd2360b0b48c53/14439eb/src/lib.rs:301:9
[INFO] [stdout]     |
[INFO] [stdout] 301 |         write_memory(process_handle, *cave_addr, &mut vec!(0x00;shellcode.len()))?;         //zero out shellcode in code cave
[INFO] [stdout]     |         ^^^^^^^^^^^^ not found in this scope
[INFO] [stdout] 
[INFO] [stdout] 
[INFO] [stdout] error: aborting due to 30 previous errors
[INFO] [stdout] 
[INFO] [stdout] 
[INFO] [stdout] Some errors have detailed explanations: E0412, E0425, E0432, E0433.
[INFO] [stdout] 
[INFO] [stdout] For more information about an error, try `rustc --explain E0412`.
[INFO] [stdout] 
[INFO] [stderr] error: could not compile `hakorlib`
[INFO] [stderr] 
[INFO] [stderr] To learn more, run the command again with --verbose.
[INFO] running `Command { std: "docker" "inspect" "0b59d433a07a4f5e5b4c36b49925a54834e09917726f19aaed02df3730efbee7", kill_on_drop: false }`
[INFO] running `Command { std: "docker" "rm" "-f" "0b59d433a07a4f5e5b4c36b49925a54834e09917726f19aaed02df3730efbee7", kill_on_drop: false }`
[INFO] [stdout] 0b59d433a07a4f5e5b4c36b49925a54834e09917726f19aaed02df3730efbee7
